{"id":6623,"date":"2024-03-28T13:01:34","date_gmt":"2024-03-28T16:01:34","guid":{"rendered":"https:\/\/rosa-me.com.br\/?page_id=6623"},"modified":"2024-03-28T13:01:47","modified_gmt":"2024-03-28T16:01:47","slug":"termos-de-uso","status":"publish","type":"page","link":"https:\/\/rosa-me.com.br\/?page_id=6623","title":{"rendered":"Termos de Uso"},"content":{"rendered":"\t\t<div data-elementor-type=\"wp-page\" data-elementor-id=\"6623\" class=\"elementor elementor-6623\">\n\t\t\t\t\t\t<section class=\"elementor-section elementor-top-section elementor-element elementor-element-9e09c53 elementor-section-boxed elementor-section-height-default elementor-section-height-default\" data-id=\"9e09c53\" data-element_type=\"section\">\n\t\t\t\t\t\t<div class=\"elementor-container elementor-column-gap-default\">\n\t\t\t\t\t<div class=\"elementor-column elementor-col-100 elementor-top-column elementor-element elementor-element-c25214a\" data-id=\"c25214a\" data-element_type=\"column\">\n\t\t\t<div class=\"elementor-widget-wrap elementor-element-populated\">\n\t\t\t\t\t\t<div class=\"elementor-element elementor-element-6021acc elementor-widget elementor-widget-heading\" data-id=\"6021acc\" data-element_type=\"widget\" data-widget_type=\"heading.default\">\n\t\t\t\t<div class=\"elementor-widget-container\">\n\t\t\t\t\t<h2 class=\"elementor-heading-title elementor-size-default\">Termos de Uso<\/h2>\t\t\t\t<\/div>\n\t\t\t\t<\/div>\n\t\t\t\t\t<\/div>\n\t\t<\/div>\n\t\t\t\t\t<\/div>\n\t\t<\/section>\n\t\t\t\t<section class=\"elementor-section elementor-top-section elementor-element elementor-element-2121320 elementor-section-boxed elementor-section-height-default elementor-section-height-default\" data-id=\"2121320\" data-element_type=\"section\">\n\t\t\t\t\t\t<div class=\"elementor-container elementor-column-gap-default\">\n\t\t\t\t\t<div class=\"elementor-column elementor-col-100 elementor-top-column elementor-element elementor-element-90da13a\" data-id=\"90da13a\" data-element_type=\"column\">\n\t\t\t<div class=\"elementor-widget-wrap elementor-element-populated\">\n\t\t\t\t\t\t<div class=\"elementor-element elementor-element-8405224 elementor-widget elementor-widget-text-editor\" data-id=\"8405224\" data-element_type=\"widget\" data-widget_type=\"text-editor.default\">\n\t\t\t\t<div class=\"elementor-widget-container\">\n\t\t\t\t\t\t\t\t\t<h4 style=\"margin-bottom: 16px; color: #474b4f; font-family: Roboto, sans-serif; font-size: 14px; font-style: normal; background-color: #ffffff;\">Termos e Condi\u00e7\u00f5es de Uso<\/h4><p><span style=\"color: #474b4f; font-family: Roboto, sans-serif; font-size: 14px; background-color: #ffffff;\">Seja bem-vindo ao Rosa.Me &#8211; Arte em tecido!<\/span><\/p><p style=\"margin-bottom: 16px; color: #474b4f; font-family: Roboto, sans-serif; font-size: 14px; font-style: normal; font-weight: 400; background-color: #ffffff;\">\u00a0<\/p><p style=\"margin-bottom: 16px; color: #474b4f; font-family: Roboto, sans-serif; font-size: 14px; font-style: normal; font-weight: 400; background-color: #ffffff;\">Estes termos e condi\u00e7\u00f5es descrevem as regras de uso do site da empresa Rosa.Me, localizado no endere\u00e7o www.rosa-me.com.br.<\/p><p style=\"margin-bottom: 16px; color: #474b4f; font-family: Roboto, sans-serif; font-size: 14px; font-style: normal; font-weight: 400; background-color: #ffffff;\">Ao acessar este site, consideramos que voc\u00ea est\u00e1 de acordo com os termos e condi\u00e7\u00f5es abaixo. N\u00e3o continue a usar o Arte em tecido caso voc\u00ea discorde dos termos e condi\u00e7\u00f5es descritos neste contrato.<\/p><h4 style=\"margin-bottom: 16px; color: #474b4f; font-family: Roboto, sans-serif; font-size: 14px; font-style: normal; background-color: #ffffff;\">Cookies:<\/h4><p style=\"margin-bottom: 16px; color: #474b4f; font-family: Roboto, sans-serif; font-size: 14px; font-style: normal; font-weight: 400; background-color: #ffffff;\">O site usa cookies para ajudar na personaliza\u00e7\u00e3o da sua experi\u00eancia na internet. Ao acessar o site Arte em tecido, voc\u00ea concorda com o uso dos cookies requeridos.<\/p><p style=\"margin-bottom: 16px; color: #474b4f; font-family: Roboto, sans-serif; font-size: 14px; font-style: normal; font-weight: 400; background-color: #ffffff;\">Cookies s\u00e3o arquivos de texto inseridos no seu disco r\u00edgido por um servidor de p\u00e1gina web. Os cookies n\u00e3o t\u00eam permiss\u00e3o para executar programas ou transferir v\u00edrus para seu computador. Os cookies s\u00e3o associados exclusivamente a voc\u00ea e s\u00f3 podem ser lidos pelo servidor web do dom\u00ednio que emitiu o cookie.<\/p><p style=\"margin-bottom: 16px; color: #474b4f; font-family: Roboto, sans-serif; font-size: 14px; font-style: normal; font-weight: 400; background-color: #ffffff;\">N\u00f3s podemos usar cookies para coletar, armazenar ou rastrear informa\u00e7\u00f5es para finalidades estat\u00edsticas e mercadol\u00f3gicas do nosso site. Voc\u00ea tem a op\u00e7\u00e3o de aceitar ou rejeitar os cookies opcionais. Existem alguns cookies obrigat\u00f3rios, que s\u00e3o necess\u00e1rios para o funcionamento de nosso site. Esses cookies obrigat\u00f3rios s\u00e3o requerem seu consentimento. Por favor, tenha em mente que, ao aceitar os cookies obrigat\u00f3rios, voc\u00ea tamb\u00e9m estar\u00e1 aceitando cookies de terceiros, que podem ser usados por terceiros caso voc\u00ea utilize servi\u00e7os fornecidos por eles em nosso site \u2013 por exemplo, uma janela de reprodu\u00e7\u00e3o de v\u00eddeo fornecida por empresas terceiras e integrada ao nosso site.<\/p><h4 style=\"margin-bottom: 16px; color: #474b4f; font-family: Roboto, sans-serif; font-size: 14px; font-style: normal; background-color: #ffffff;\">Licen\u00e7a:<\/h4><p style=\"margin-bottom: 16px; color: #474b4f; font-family: Roboto, sans-serif; font-size: 14px; font-style: normal; font-weight: 400; background-color: #ffffff;\">Exceto em casos em que for indicado o contr\u00e1rio, Rosa.Me e seus licenciados t\u00eam direito \u00e0 propriedade intelectual de todo o material postado no Arte em tecido. Todos os direitos \u00e0 propriedade intelectual s\u00e3o reservados.<\/p><p style=\"margin-bottom: 16px; color: #474b4f; font-family: Roboto, sans-serif; font-size: 14px; font-style: normal; font-weight: 400; background-color: #ffffff;\">Voc\u00ea n\u00e3o tem permiss\u00e3o para:<\/p><ul style=\"margin-bottom: 16px; margin-left: 0px; list-style-position: inside; color: #474b4f; font-family: Roboto, sans-serif; font-size: 14px; font-style: normal; font-weight: 400; background-color: #ffffff;\"><li>Copiar ou republicar materiais do Arte em tecido<\/li><li>Vender, alugar ou sublocar materiais do Arte em tecido<\/li><li>Reproduzir, duplicar ou copiar materiais do Arte em tecido<\/li><li>Redistribuir conte\u00fados do Arte em tecido<\/li><\/ul><p style=\"margin-bottom: 16px; color: #474b4f; font-family: Roboto, sans-serif; font-size: 14px; font-style: normal; font-weight: 400; background-color: #ffffff;\">Este Acordo ter\u00e1 efeito a partir da data presente.<\/p><p style=\"margin-bottom: 16px; color: #474b4f; font-family: Roboto, sans-serif; font-size: 14px; font-style: normal; font-weight: 400; background-color: #ffffff;\">Partes deste site oferecem ao usu\u00e1rio a oportunidade de postar e discutir opini\u00f5es e informa\u00e7\u00f5es em determinadas \u00e1reas. Rosa.Me n\u00e3o filtra, edita, publica ou revisa Coment\u00e1rios antes que eles sejam apresentados no site. Coment\u00e1rios refletem as opini\u00f5es da pessoa que os posta. Na extens\u00e3o em que as leis aplic\u00e1veis permitem, Rosa.Me n\u00e3o se responsabiliza legalmente pelos Coment\u00e1rios ou quaisquer danos, riscos ou despesas causadas ou sofridas como resultado do uso, e\/ou postagem e\/ou apar\u00eancia dos Coment\u00e1rios deste site.<\/p><p style=\"margin-bottom: 16px; color: #474b4f; font-family: Roboto, sans-serif; font-size: 14px; font-style: normal; font-weight: 400; background-color: #ffffff;\">Rosa.Me reserva para si o direito de remover quaisquer Coment\u00e1rios que possam ser considerados inapropriados, ofensivos ou quebrem os Termos e Condi\u00e7\u00f5es deste contrato.<\/p><p style=\"margin-bottom: 16px; color: #474b4f; font-family: Roboto, sans-serif; font-size: 14px; font-style: normal; font-weight: 400; background-color: #ffffff;\">Voc\u00ea declara e garante que:<\/p><ul style=\"margin-bottom: 16px; margin-left: 0px; list-style-position: inside; color: #474b4f; font-family: Roboto, sans-serif; font-size: 14px; font-style: normal; font-weight: 400; background-color: #ffffff;\"><li>Voc\u00ea tem o direito de postar Coment\u00e1rios em nosso site e tem todas as licen\u00e7as e consentimentos para tal;<\/li><li>Seus Coment\u00e1rios n\u00e3o invadem qualquer propriedade intelectual, incluindo direitos autorais, patentes ou marcas registradas de terceiros;<\/li><li>Seus Coment\u00e1rios n\u00e3o cont\u00e9m material difamat\u00f3rio, injurioso, ofensivo, indecente ou de alguma forma il\u00edcito, que \u00e9 invas\u00e3o de privacidade.<\/li><li>Seus Coment\u00e1rios n\u00e3o ser\u00e3o usados para solicitar ou promover neg\u00f3cios ou apresentar atividades comerciais ou atividades il\u00edcitas.<\/li><\/ul><p style=\"margin-bottom: 16px; color: #474b4f; font-family: Roboto, sans-serif; font-size: 14px; font-style: normal; font-weight: 400; background-color: #ffffff;\">Voc\u00ea por meio deste concede a Rosa.Me a licen\u00e7a n\u00e3o-exclusiva de usar, reproduzir, editar e autorizar outros a usar, reproduzir ou editar qualquer um de seus Coment\u00e1rios em qualquer e todas as formas, formatos e m\u00eddias.<\/p><h4 style=\"margin-bottom: 16px; color: #474b4f; font-family: Roboto, sans-serif; font-size: 14px; font-style: normal; background-color: #ffffff;\">Cria\u00e7\u00e3o de links para nosso conte\u00fado<\/h4><p style=\"margin-bottom: 16px; color: #474b4f; font-family: Roboto, sans-serif; font-size: 14px; font-style: normal; font-weight: 400; background-color: #ffffff;\">As seguintes organiza\u00e7\u00f5es podem criar links para nosso Site sem a necessidade de aprova\u00e7\u00e3o pr\u00e9via por escrito:<\/p><ul style=\"margin-bottom: 16px; margin-left: 0px; list-style-position: inside; color: #474b4f; font-family: Roboto, sans-serif; font-size: 14px; font-style: normal; font-weight: 400; background-color: #ffffff;\"><li>Ag\u00eancias governamentais;<\/li><li>Mecanismos de busca;<\/li><li>Organiza\u00e7\u00f5es de m\u00eddia;<\/li><li>Distribuidores de diret\u00f3rios online podem inserir links para nosso Site na mesma maneira que inserem hiperlinks para Sites de outras empresas listadas; e<\/li><li>Empresas credenciadas, exceto organiza\u00e7\u00f5es angariantes sem fins lucrativos e grupos de arrecada\u00e7\u00e3o de fundos para institui\u00e7\u00f5es de caridade, que n\u00e3o podem inserir links para nosso Site sem aprova\u00e7\u00e3o pr\u00e9via.<\/li><\/ul><p style=\"margin-bottom: 16px; color: #474b4f; font-family: Roboto, sans-serif; font-size: 14px; font-style: normal; font-weight: 400; background-color: #ffffff;\">Essas organiza\u00e7\u00f5es podem postar links para nossa p\u00e1gina inicial, nossas publica\u00e7\u00f5es ou outras informa\u00e7\u00f5es do Site, contanto que o link: (a) n\u00e3o seja, de forma alguma, enganoso; (b) n\u00e3o insinue falsamente a exist\u00eancia de uma rela\u00e7\u00e3o de patroc\u00ednio, endosso, ou aprova\u00e7\u00e3o nossa a produtos e\/ou servi\u00e7os; e (c) seja apropriado ao contexto em que est\u00e1 sendo inserido.<\/p><p style=\"margin-bottom: 16px; color: #474b4f; font-family: Roboto, sans-serif; font-size: 14px; font-style: normal; font-weight: 400; background-color: #ffffff;\">N\u00f3s podemos considerar e aprovar solicita\u00e7\u00f5es de link feitas pelos seguintes tipos de organiza\u00e7\u00f5es:<\/p><ul style=\"margin-bottom: 16px; margin-left: 0px; list-style-position: inside; color: #474b4f; font-family: Roboto, sans-serif; font-size: 14px; font-style: normal; font-weight: 400; background-color: #ffffff;\"><li>fontes de informa\u00e7\u00e3o bem conhecidas sobre produtos e neg\u00f3cios;<\/li><li>sites comunit\u00e1rios ponto.com;<\/li><li>associa\u00e7\u00f5es e outros grupos que representem institui\u00e7\u00f5es de caridade;<\/li><li>distribuidores de diret\u00f3rios online;<\/li><li>portais de internet;<\/li><li>firmas de contabilidade, advocacia e consultoria; e<\/li><li>institui\u00e7\u00f5es educacionais e associa\u00e7\u00f5es de classe.<\/li><\/ul><p style=\"margin-bottom: 16px; color: #474b4f; font-family: Roboto, sans-serif; font-size: 14px; font-style: normal; font-weight: 400; background-color: #ffffff;\">N\u00f3s vamos aprovar solicita\u00e7\u00f5es de link feitas pelos tipos de organiza\u00e7\u00e3o listados acima se julgarmos que: (a) o link n\u00e3o \u00e9 desfavor\u00e1vel para nossa imagem e\/ou para a imagem de empresas credenciadas; (b) a organiza\u00e7\u00e3o solicitante n\u00e3o possui hist\u00f3rico negativo conosco; (c) o benef\u00edcio que ganhamos com a visibilidade do link compensa a aus\u00eancia do Rosa.Me; e (d) o link ser\u00e1 inserido em um contexto geral informativo.<\/p><p style=\"margin-bottom: 16px; color: #474b4f; font-family: Roboto, sans-serif; font-size: 14px; font-style: normal; font-weight: 400; background-color: #ffffff;\">Essas organiza\u00e7\u00f5es podem postar links para nossa p\u00e1gina inicial contanto que o link: (a) n\u00e3o seja, de forma alguma, enganoso; (b) n\u00e3o insinue falsamente a exist\u00eancia de uma rela\u00e7\u00e3o de patroc\u00ednio, endosso, ou aprova\u00e7\u00e3o de produtos e\/ou servi\u00e7os da nossa parte; e (c) seja apropriado ao contexto em que est\u00e1 sendo inserido.<\/p><p style=\"margin-bottom: 16px; color: #474b4f; font-family: Roboto, sans-serif; font-size: 14px; font-style: normal; font-weight: 400; background-color: #ffffff;\">Se voc\u00ea representa uma das organiza\u00e7\u00f5es listadas no par\u00e1grafo 2 acima e est\u00e1 interessado em postar um link para nosso site, voc\u00ea deve nos informar de seu interesse enviando um e-mail para Rosa.Me. Por favor, inclua seu some, o nome da sua organiza\u00e7\u00e3o e suas informa\u00e7\u00f5es de contato, assim como a URL do seu site, uma lista das URLs do nosso site que voc\u00ea pretende usar como links, e uma lista dos sites nos quais voc\u00ea pretende publicar nossas URLs. Aguarde entre 2 e 3 semanas para receber uma resposta.<\/p><p style=\"margin-bottom: 16px; color: #474b4f; font-family: Roboto, sans-serif; font-size: 14px; font-style: normal; font-weight: 400; background-color: #ffffff;\">Organiza\u00e7\u00f5es aprovadas poder\u00e3o publicar links para nosso Site das seguintes formas:<\/p><ul style=\"margin-bottom: 16px; margin-left: 0px; list-style-position: inside; color: #474b4f; font-family: Roboto, sans-serif; font-size: 14px; font-style: normal; font-weight: 400; background-color: #ffffff;\"><li>Usando nosso nome corporativo; ou<\/li><li>Usando a URL para onde o link redireciona; ou<\/li><li>Usando qualquer outra descri\u00e7\u00e3o do nosso Site que fa\u00e7a sentido dentro do contexto e do formato do conte\u00fado onde o link est\u00e1 sendo inserido.<\/li><\/ul><p style=\"margin-bottom: 16px; color: #474b4f; font-family: Roboto, sans-serif; font-size: 14px; font-style: normal; font-weight: 400; background-color: #ffffff;\">N\u00e3o ser\u00e1 permitido o uso ou a publica\u00e7\u00e3o de links para o logo e\/ou outros elementos visuais da Rosa.Me sem um acordo de licen\u00e7a para o uso da marca registrada.<\/p><h4 style=\"margin-bottom: 16px; color: #474b4f; font-family: Roboto, sans-serif; font-size: 14px; font-style: normal; background-color: #ffffff;\">Responsabiliza\u00e7\u00e3o pelo Conte\u00fado:<\/h4><p style=\"margin-bottom: 16px; color: #474b4f; font-family: Roboto, sans-serif; font-size: 14px; font-style: normal; font-weight: 400; background-color: #ffffff;\">N\u00e3o seremos responsabilizados legalmente por qualquer conte\u00fado que apare\u00e7a no seu Site. Voc\u00ea concorda em nos proteger e nos defender contra todas as acusa\u00e7\u00f5es que forem levantadas no seu Site. Nenhum link deve aparecer em qualquer Site que possa ser interpretado como difamat\u00f3rio, obsceno, criminoso, ou que infrinja, viole ou defenda a viola\u00e7\u00e3o dos direitos de terceiros.<\/p><h4 style=\"margin-bottom: 16px; color: #474b4f; font-family: Roboto, sans-serif; font-size: 14px; font-style: normal; background-color: #ffffff;\">Reserva de Direitos:<\/h4><p style=\"margin-bottom: 16px; color: #474b4f; font-family: Roboto, sans-serif; font-size: 14px; font-style: normal; font-weight: 400; background-color: #ffffff;\">Reservamos nosso direito de solicitar que voc\u00ea remova todos os links ou quaisquer links que redirecionem para nosso site. Voc\u00ea concorda em remover imediatamente todos os links para nosso site assim que a remo\u00e7\u00e3o for solicitada. Tamb\u00e9m reservamos nosso direito de corrigir e alterar estes termos e condi\u00e7\u00f5es a qualquer momento. Ao publicar continuadamente links para nosso site, voc\u00ea concorda a seguir estes termos e condi\u00e7\u00f5es sobre links.<\/p><h4 style=\"margin-bottom: 16px; color: #474b4f; font-family: Roboto, sans-serif; font-size: 14px; font-style: normal; background-color: #ffffff;\">Remo\u00e7\u00e3o de links postados em nosso site:<\/h4><p style=\"margin-bottom: 16px; color: #474b4f; font-family: Roboto, sans-serif; font-size: 14px; font-style: normal; font-weight: 400; background-color: #ffffff;\">Se voc\u00ea encontrar qualquer link em nosso Site que seja de qualquer forma ofensivo, voc\u00ea tem a liberdade de entrar em contato conosco e nos informar do problema a qualquer momento. Vamos considerar as solicita\u00e7\u00f5es de remo\u00e7\u00e3o de links, mas n\u00e3o somos obrigados a remover quaisquer links do nosso site nem a responder diretamente \u00e0 sua solicita\u00e7\u00e3o.<\/p><p style=\"margin-bottom: 16px; color: #474b4f; font-family: Roboto, sans-serif; font-size: 14px; font-style: normal; font-weight: 400; background-color: #ffffff;\">N\u00f3s n\u00e3o garantimos que as informa\u00e7\u00f5es continas neste site s\u00e3o corretas. N\u00f3s n\u00e3o garantimos integralidade ou exatid\u00e3o do conte\u00fado. N\u00e3o garantimos que o site se manter\u00e1 dispon\u00edvel ou que o material do site se manter\u00e1 atualizado.<\/p><h4 style=\"margin-bottom: 16px; color: #474b4f; font-family: Roboto, sans-serif; font-size: 14px; font-style: normal; background-color: #ffffff;\">Declara\u00e7\u00e3o de Isen\u00e7\u00e3o de Responsabilidade:<\/h4><p style=\"margin-bottom: 16px; color: #474b4f; font-family: Roboto, sans-serif; font-size: 14px; font-style: normal; font-weight: 400; background-color: #ffffff;\">No m\u00e1ximo poss\u00edvel permitido por lei, n\u00f3s exclu\u00edmos todas as representa\u00e7\u00f5es, garantias e condi\u00e7\u00f5es relativas ao nosso site e ao uso deste site. Nada nesta declara\u00e7\u00e3o de isen\u00e7\u00e3o de responsabilidade vai:<\/p><ul style=\"margin-bottom: 16px; margin-left: 0px; list-style-position: inside; color: #474b4f; font-family: Roboto, sans-serif; font-size: 14px; font-style: normal; font-weight: 400; background-color: #ffffff;\"><li>limitar ou excluir nossa responsabilidade ou sua responsabilidade por mortes ou danos pessoais;<\/li><li>limitar ou excluir nossa responsabilidade ou sua responsabilidade por fraudes ou deturpa\u00e7\u00f5es fraudulentas;<\/li><li>limitar nossa responsabilidade ou sua responsabilidade de quaisquer maneiras que n\u00e3o forem permitidas sob a lei;<\/li><li>excluir quaisquer responsabilidades suas ou nossas que n\u00e3o podem ser exclu\u00eddas de acordo com a lei aplic\u00e1vel.<\/li><\/ul><p style=\"margin-bottom: 16px; color: #474b4f; font-family: Roboto, sans-serif; font-size: 14px; font-style: normal; font-weight: 400; background-color: #ffffff;\">As limita\u00e7\u00f5es e proibi\u00e7\u00f5es de responsabiliza\u00e7\u00e3o listadas nesta Se\u00e7\u00e3o e em outras partes desta declara\u00e7\u00e3o: (a) est\u00e3o sujeitas ao par\u00e1grafo anterior; e (b) regem todas as responsabiliza\u00e7\u00f5es que surgirem sob a declara\u00e7\u00e3o, incluindo responsabiliza\u00e7\u00f5es surgidas em contrato, em delitos e em quebra de obriga\u00e7\u00f5es legais.<\/p><p style=\"margin-bottom: 0px; color: #474b4f; font-family: Roboto, sans-serif; font-size: 14px; font-style: normal; font-weight: 400; background-color: #ffffff;\">Enquanto o site e as informa\u00e7\u00f5es e servi\u00e7os do site forem oferecidos gratuitamente, n\u00f3s n\u00e3o seremos respons\u00e1veis por perdas e danos de qualquer natureza.<\/p>\t\t\t\t\t\t\t\t<\/div>\n\t\t\t\t<\/div>\n\t\t\t\t\t<\/div>\n\t\t<\/div>\n\t\t\t\t\t<\/div>\n\t\t<\/section>\n\t\t\t\t<\/div>\n\t\t","protected":false},"excerpt":{"rendered":"<p>Termos de Uso Termos e Condi\u00e7\u00f5es de Uso Seja bem-vindo ao Rosa.Me &#8211; Arte em tecido! \u00a0 Estes termos e condi\u00e7\u00f5es descrevem as regras de uso do site da empresa Rosa.Me, localizado no endere\u00e7o www.rosa-me.com.br. Ao acessar este site, consideramos que voc\u00ea est\u00e1 de acordo com os termos e condi\u00e7\u00f5es abaixo. N\u00e3o continue a usar [&hellip;]<\/p>\n","protected":false},"author":1,"featured_media":0,"parent":0,"menu_order":0,"comment_status":"closed","ping_status":"closed","template":"","meta":{"site-sidebar-layout":"no-sidebar","site-content-layout":"page-builder","ast-site-content-layout":"full-width-container","site-content-style":"default","site-sidebar-style":"default","ast-global-header-display":"","ast-banner-title-visibility":"","ast-main-header-display":"","ast-hfb-above-header-display":"","ast-hfb-below-header-display":"","ast-hfb-mobile-header-display":"","site-post-title":"disabled","ast-breadcrumbs-content":"","ast-featured-img":"disabled","footer-sml-layout":"","theme-transparent-header-meta":"","adv-header-id-meta":"","stick-header-meta":"","header-above-stick-meta":"","header-main-stick-meta":"","header-below-stick-meta":"","astra-migrate-meta-layouts":"set","ast-page-background-enabled":"default","ast-page-background-meta":{"desktop":{"background-color":"","background-image":"","background-repeat":"repeat","background-position":"center center","background-size":"auto","background-attachment":"scroll","background-type":"","background-media":"","overlay-type":"","overlay-color":"","overlay-gradient":""},"tablet":{"background-color":"","background-image":"","background-repeat":"repeat","background-position":"center center","background-size":"auto","background-attachment":"scroll","background-type":"","background-media":"","overlay-type":"","overlay-color":"","overlay-gradient":""},"mobile":{"background-color":"","background-image":"","background-repeat":"repeat","background-position":"center center","background-size":"auto","background-attachment":"scroll","background-type":"","background-media":"","overlay-type":"","overlay-color":"","overlay-gradient":""}},"ast-content-background-meta":{"desktop":{"background-color":"var(--ast-global-color-5)","background-image":"","background-repeat":"repeat","background-position":"center center","background-size":"auto","background-attachment":"scroll","background-type":"","background-media":"","overlay-type":"","overlay-color":"","overlay-gradient":""},"tablet":{"background-color":"var(--ast-global-color-5)","background-image":"","background-repeat":"repeat","background-position":"center center","background-size":"auto","background-attachment":"scroll","background-type":"","background-media":"","overlay-type":"","overlay-color":"","overlay-gradient":""},"mobile":{"background-color":"var(--ast-global-color-5)","background-image":"","background-repeat":"repeat","background-position":"center center","background-size":"auto","background-attachment":"scroll","background-type":"","background-media":"","overlay-type":"","overlay-color":"","overlay-gradient":""}},"footnotes":""},"class_list":["post-6623","page","type-page","status-publish","hentry"],"jetpack_sharing_enabled":true,"_links":{"self":[{"href":"https:\/\/rosa-me.com.br\/index.php?rest_route=\/wp\/v2\/pages\/6623","targetHints":{"allow":["GET"]}}],"collection":[{"href":"https:\/\/rosa-me.com.br\/index.php?rest_route=\/wp\/v2\/pages"}],"about":[{"href":"https:\/\/rosa-me.com.br\/index.php?rest_route=\/wp\/v2\/types\/page"}],"author":[{"embeddable":true,"href":"https:\/\/rosa-me.com.br\/index.php?rest_route=\/wp\/v2\/users\/1"}],"replies":[{"embeddable":true,"href":"https:\/\/rosa-me.com.br\/index.php?rest_route=%2Fwp%2Fv2%2Fcomments&post=6623"}],"version-history":[{"count":4,"href":"https:\/\/rosa-me.com.br\/index.php?rest_route=\/wp\/v2\/pages\/6623\/revisions"}],"predecessor-version":[{"id":6627,"href":"https:\/\/rosa-me.com.br\/index.php?rest_route=\/wp\/v2\/pages\/6623\/revisions\/6627"}],"wp:attachment":[{"href":"https:\/\/rosa-me.com.br\/index.php?rest_route=%2Fwp%2Fv2%2Fmedia&parent=6623"}],"curies":[{"name":"wp","href":"https:\/\/api.w.org\/{rel}","templated":true}]}}